{"id":1344,"date":"2020-07-26T23:04:53","date_gmt":"2020-07-26T23:04:53","guid":{"rendered":"http:\/\/camilaleporace.com.br\/?page_id=1344"},"modified":"2020-08-10T20:38:40","modified_gmt":"2020-08-10T20:38:40","slug":"workshop-curadoria-cognitiva-organizacional-centrada-no-envelhecimento","status":"publish","type":"page","link":"https:\/\/camilaleporace.com.br\/index.php\/workshop-curadoria-cognitiva-organizacional-centrada-no-envelhecimento\/","title":{"rendered":"Workshop &#8216;Curadoria Cognitiva Organizacional Centrada no Envelhecimento&#8217;"},"content":{"rendered":"\n<p>Essa oficina foi ministrada em Coimbra, Portugal, em novembro de 2019, no \u00e2mbito do <a rel=\"noreferrer noopener\" aria-label=\"Congresso Bem-Estar, Sa\u00fade, Cogni\u00e7\u00e3o e Desenvolvimento (opens in a new tab)\" href=\"https:\/\/congressointerbescd.wixsite.com\/cibescd\" target=\"_blank\">Congresso Bem-Estar, Sa\u00fade, Cogni\u00e7\u00e3o e Desenvolvimento<\/a>.<\/p>\n\n\n\n<p>A convite do prof. Eduardo Santos, ministrei com ele uma oficina dividida em duas partes: na primeira, explicamos aos participantes as bases te\u00f3ricas das novas abordagens para a cogni\u00e7\u00e3o humana conhecidas como os 4 da cogni\u00e7\u00e3o &#8211; <em>Embedded, Embodied, Extended <\/em>e<em> Enactive Cognition.<\/em> Na segunda,  falamos de aplica\u00e7\u00f5es pr\u00e1ticas de tais teses para as quest\u00f5es do envelhecimento, abordamos exemplos e debatemos com os presentes as suas impress\u00f5es e d\u00favidas acerca daquilo que foi apresentado.<\/p>\n\n\n\n<p>Na ocasi\u00e3o desse evento, lan\u00e7amos nosso livro &#8220;<a href=\"https:\/\/camilaleporace.com.br\/index.php\/livros\/\">A Mente Humana para al\u00e9m do C\u00e9rebro<\/a>&#8220;, que traz articula\u00e7\u00f5es de tais teses com temas como tecnologias digitais, corpo, educa\u00e7\u00e3o e intersubjetividade. Tamb\u00e9m realizei uma palestra intitulada <em>Uma Reflex\u00e3o sobre a Intelig\u00eancia Artificial para Al\u00e9m da Mente Representacional<\/em>.<\/p>\n\n\n\n<ul class=\"wp-block-gallery columns-1 is-cropped wp-block-gallery-1 is-layout-flex wp-block-gallery-is-layout-flex\"><li class=\"blocks-gallery-item\"><figure><img loading=\"lazy\" decoding=\"async\" width=\"1024\" height=\"768\" src=\"https:\/\/camilaleporace.com.br\/wp-content\/uploads\/2020\/07\/d36c1a27-fe2d-4c4d-b962-eae9841f5834-1-1024x768.jpg\" alt=\"\" data-id=\"1345\" class=\"wp-image-1345\" srcset=\"https:\/\/camilaleporace.com.br\/wp-content\/uploads\/2020\/07\/d36c1a27-fe2d-4c4d-b962-eae9841f5834-1.jpg 1024w, https:\/\/camilaleporace.com.br\/wp-content\/uploads\/2020\/07\/d36c1a27-fe2d-4c4d-b962-eae9841f5834-1-300x225.jpg 300w, https:\/\/camilaleporace.com.br\/wp-content\/uploads\/2020\/07\/d36c1a27-fe2d-4c4d-b962-eae9841f5834-1-768x576.jpg 768w, https:\/\/camilaleporace.com.br\/wp-content\/uploads\/2020\/07\/d36c1a27-fe2d-4c4d-b962-eae9841f5834-1-200x150.jpg 200w\" sizes=\"(max-width: 1024px) 100vw, 1024px\" \/><\/figure><\/li><\/ul>\n","protected":false},"excerpt":{"rendered":"<p>Essa oficina foi ministrada em Coimbra, Portugal, em novembro de 2019, no \u00e2mbito do Congresso Bem-Estar, Sa\u00fade, Cogni\u00e7\u00e3o e Desenvolvimento. A convite do prof. Eduardo Santos, ministrei com ele uma <a class=\"more-link\" href=\"https:\/\/camilaleporace.com.br\/index.php\/workshop-curadoria-cognitiva-organizacional-centrada-no-envelhecimento\/\">Read More &#8230;<\/a><\/p>\n","protected":false},"author":1,"featured_media":0,"parent":0,"menu_order":0,"comment_status":"closed","ping_status":"closed","template":"","meta":{"footnotes":""},"class_list":["post-1344","page","type-page","status-publish","hentry"],"_links":{"self":[{"href":"https:\/\/camilaleporace.com.br\/index.php\/wp-json\/wp\/v2\/pages\/1344"}],"collection":[{"href":"https:\/\/camilaleporace.com.br\/index.php\/wp-json\/wp\/v2\/pages"}],"about":[{"href":"https:\/\/camilaleporace.com.br\/index.php\/wp-json\/wp\/v2\/types\/page"}],"author":[{"embeddable":true,"href":"https:\/\/camilaleporace.com.br\/index.php\/wp-json\/wp\/v2\/users\/1"}],"replies":[{"embeddable":true,"href":"https:\/\/camilaleporace.com.br\/index.php\/wp-json\/wp\/v2\/comments?post=1344"}],"version-history":[{"count":5,"href":"https:\/\/camilaleporace.com.br\/index.php\/wp-json\/wp\/v2\/pages\/1344\/revisions"}],"predecessor-version":[{"id":1542,"href":"https:\/\/camilaleporace.com.br\/index.php\/wp-json\/wp\/v2\/pages\/1344\/revisions\/1542"}],"wp:attachment":[{"href":"https:\/\/camilaleporace.com.br\/index.php\/wp-json\/wp\/v2\/media?parent=1344"}],"curies":[{"name":"wp","href":"https:\/\/api.w.org\/{rel}","templated":true}]}}