{"id":2187,"date":"2022-05-02T10:15:51","date_gmt":"2022-05-02T10:15:51","guid":{"rendered":"http:\/\/camilaleporace.com.br\/?page_id=2187"},"modified":"2022-05-22T21:59:20","modified_gmt":"2022-05-22T21:59:20","slug":"portfolio-zeca-leporace","status":"publish","type":"page","link":"https:\/\/camilaleporace.com.br\/index.php\/portfolio-zeca-leporace\/","title":{"rendered":"Zeca Leporace, revisor"},"content":{"rendered":"\n<p><strong>Produ\u00e7\u00e3o,\nRevis\u00e3o, Padroniza\u00e7\u00e3o e Formata\u00e7\u00e3o de Textos<\/strong><\/p>\n\n\n\n<p>Zeca Leporace \u00e9 meu parceiro de trabalho. \u00c9 especializado em revis\u00e3o e formata\u00e7\u00e3o de textos. Abaixo se encontra o curr\u00edculo resumido dele. <\/p>\n\n\n\n<h4 class=\"wp-block-heading\">Contato: leporace@gmail.com<\/h4>\n\n\n\n<p>Experi\u00eancia de 40 anos nos setores p\u00fablico e privado, atuando nas \u00e1reas econ\u00f4mica, administrativa e financeira, produzindo, revisando e organizando textos, gr\u00e1ficos e demonstrativos que compunham os relat\u00f3rios gerenciais destinados \u00e0 administra\u00e7\u00e3o interna e aos \u00f3rg\u00e3os externos de controle das institui\u00e7\u00f5es\/organiza\u00e7\u00f5es.<\/p>\n\n\n\n<p>Experi\u00eancia de mais de dez anos em revis\u00e3o de textos e formata\u00e7\u00e3o (textos, tabelas e refer\u00eancias bibliogr\u00e1ficas) de acordo com as normas t\u00e9cnicas (ABNT, APA etc) exigidas pelas institui\u00e7\u00f5es acad\u00eamicas e publica\u00e7\u00f5es cient\u00edficas.<\/p>\n\n\n\n<p>Revisou e padronizou planos de componentes curriculares para o Ita\u00fa Educa\u00e7\u00e3o e Trabalho, uma superintend\u00eancia da Funda\u00e7\u00e3o Ita\u00fa Educa\u00e7\u00e3o e Cultura voltada para o ensino t\u00e9cnico-profissional (aproximadamente 200 planos). <\/p>\n\n\n\n<p>Revisou e editou conte\u00fado did\u00e1tico para programas educacionais da Funda\u00e7\u00e3o Roberto Marinho, Ibmec, Projeto Pot\u00eancia Tech (iFood), entre outros<\/p>\n\n\n\n<p>Tem experi\u00eancia em prepara\u00e7\u00e3o de originais para editoras, revisando (ortografia, gram\u00e1tica etc) livros de segmentos variados da literatura nacional (trabalho elaborado diretamente para os autores antes da submiss\u00e3o \u00e0s editoras).<\/p>\n","protected":false},"excerpt":{"rendered":"<p>Produ\u00e7\u00e3o, Revis\u00e3o, Padroniza\u00e7\u00e3o e Formata\u00e7\u00e3o de Textos Zeca Leporace \u00e9 meu parceiro de trabalho. \u00c9 especializado em revis\u00e3o e formata\u00e7\u00e3o de textos. Abaixo se encontra o curr\u00edculo resumido dele. Contato: <a class=\"more-link\" href=\"https:\/\/camilaleporace.com.br\/index.php\/portfolio-zeca-leporace\/\">Read More &#8230;<\/a><\/p>\n","protected":false},"author":1,"featured_media":0,"parent":0,"menu_order":0,"comment_status":"closed","ping_status":"closed","template":"","meta":{"footnotes":""},"class_list":["post-2187","page","type-page","status-publish","hentry"],"_links":{"self":[{"href":"https:\/\/camilaleporace.com.br\/index.php\/wp-json\/wp\/v2\/pages\/2187"}],"collection":[{"href":"https:\/\/camilaleporace.com.br\/index.php\/wp-json\/wp\/v2\/pages"}],"about":[{"href":"https:\/\/camilaleporace.com.br\/index.php\/wp-json\/wp\/v2\/types\/page"}],"author":[{"embeddable":true,"href":"https:\/\/camilaleporace.com.br\/index.php\/wp-json\/wp\/v2\/users\/1"}],"replies":[{"embeddable":true,"href":"https:\/\/camilaleporace.com.br\/index.php\/wp-json\/wp\/v2\/comments?post=2187"}],"version-history":[{"count":2,"href":"https:\/\/camilaleporace.com.br\/index.php\/wp-json\/wp\/v2\/pages\/2187\/revisions"}],"predecessor-version":[{"id":2214,"href":"https:\/\/camilaleporace.com.br\/index.php\/wp-json\/wp\/v2\/pages\/2187\/revisions\/2214"}],"wp:attachment":[{"href":"https:\/\/camilaleporace.com.br\/index.php\/wp-json\/wp\/v2\/media?parent=2187"}],"curies":[{"name":"wp","href":"https:\/\/api.w.org\/{rel}","templated":true}]}}