{"id":2915,"date":"2024-05-22T02:01:26","date_gmt":"2024-05-22T02:01:26","guid":{"rendered":"https:\/\/camilaleporace.com.br\/?page_id=2915"},"modified":"2024-06-08T02:26:40","modified_gmt":"2024-06-08T02:26:40","slug":"algoritmosfera-2","status":"publish","type":"page","link":"https:\/\/camilaleporace.com.br\/index.php\/algoritmosfera-2\/","title":{"rendered":"Algoritmosfera"},"content":{"rendered":"\n<figure class=\"wp-block-image size-large\"><img loading=\"lazy\" decoding=\"async\" width=\"1024\" height=\"256\" src=\"https:\/\/camilaleporace.com.br\/wp-content\/uploads\/2024\/05\/Beige-Modern-Elegant-Personal-LinkedIn-Banner-2-1024x256.png\" alt=\"\" class=\"wp-image-2916\" srcset=\"https:\/\/camilaleporace.com.br\/wp-content\/uploads\/2024\/05\/Beige-Modern-Elegant-Personal-LinkedIn-Banner-2-1024x256.png 1024w, https:\/\/camilaleporace.com.br\/wp-content\/uploads\/2024\/05\/Beige-Modern-Elegant-Personal-LinkedIn-Banner-2-300x75.png 300w, https:\/\/camilaleporace.com.br\/wp-content\/uploads\/2024\/05\/Beige-Modern-Elegant-Personal-LinkedIn-Banner-2-768x192.png 768w, https:\/\/camilaleporace.com.br\/wp-content\/uploads\/2024\/05\/Beige-Modern-Elegant-Personal-LinkedIn-Banner-2-1536x384.png 1536w, https:\/\/camilaleporace.com.br\/wp-content\/uploads\/2024\/05\/Beige-Modern-Elegant-Personal-LinkedIn-Banner-2.png 1584w\" sizes=\"(max-width: 1024px) 100vw, 1024px\" \/><\/figure>\n\n\n\n<p><\/p>\n\n\n\n<p>&#8220;Algoritmosfera &#8211; A cogni\u00e7\u00e3o humana e a intelig\u00eancia artificial&#8221;, de Camila De Paoli Leporace, foi lan\u00e7ado em maio de 2024 pela editora PUC-Rio e pela editora Hucitec. <a href=\"https:\/\/lojahucitec.com.br\/produto\/algoritmosfera-a-cognicao-humana-e-a-inteligencia-artificial-camila-de-paoli-leporace\/\" data-type=\"link\" data-id=\"https:\/\/lojahucitec.com.br\/produto\/algoritmosfera-a-cognicao-humana-e-a-inteligencia-artificial-camila-de-paoli-leporace\/\">Este \u00e9 o link para a compra dele no site da editora Hucitec<\/a>.<\/p>\n\n\n\n<div class=\"wp-block-media-text has-media-on-the-right is-stacked-on-mobile is-vertically-aligned-center\" style=\"grid-template-columns:auto 44%\"><div class=\"wp-block-media-text__content\">\n<p>Inseridos na <strong>algoritmosfera<\/strong> &#8211; termo criado por Camila Leporace para definir a &#8216;atmosfera algor\u00edtmica&#8217; de que todos fazemos parte hoje &#8211; mantemos uma rela\u00e7\u00e3o de retroalimenta\u00e7\u00e3o com os sistemas artificiais \u00e0 nossa volta. <\/p>\n\n\n\n<p>Sistemas de aprendizagem de m\u00e1quina dependem essencialmente de dados para funcionar. Nossos dados. Quais podem ser, ent\u00e3o, os efeitos das trocas que mantemos com esse ambiente digital, que n\u00e3o apenas habitamos, mas que tamb\u00e9m constru\u00edmos?<\/p>\n\n\n\n<p>Para avan\u00e7armos na compreens\u00e3o da nossa rela\u00e7\u00e3o com as tecnologias digitais emergentes, tornam-se essenciais as reflex\u00f5es sobre a mente humana e a nossa atividade cognitiva. Se a aprendizagem humana est\u00e1 para al\u00e9m da aprendizagem de m\u00e1quina, a mente est\u00e1 para al\u00e9m do c\u00e9rebro, e a totalidade humana est\u00e1 muito al\u00e9m dos dados e dos algoritmos.<\/p>\n<\/div><figure class=\"wp-block-media-text__media\"><img loading=\"lazy\" decoding=\"async\" width=\"768\" height=\"1024\" src=\"https:\/\/camilaleporace.com.br\/wp-content\/uploads\/2024\/06\/f7e55bdd-b621-459b-9c7a-ca6b5e5d5c51-1-768x1024.jpg\" alt=\"\" class=\"wp-image-2930 size-full\" srcset=\"https:\/\/camilaleporace.com.br\/wp-content\/uploads\/2024\/06\/f7e55bdd-b621-459b-9c7a-ca6b5e5d5c51-1-768x1024.jpg 768w, https:\/\/camilaleporace.com.br\/wp-content\/uploads\/2024\/06\/f7e55bdd-b621-459b-9c7a-ca6b5e5d5c51-1-225x300.jpg 225w, https:\/\/camilaleporace.com.br\/wp-content\/uploads\/2024\/06\/f7e55bdd-b621-459b-9c7a-ca6b5e5d5c51-1-113x150.jpg 113w, https:\/\/camilaleporace.com.br\/wp-content\/uploads\/2024\/06\/f7e55bdd-b621-459b-9c7a-ca6b5e5d5c51-1.jpg 960w\" sizes=\"(max-width: 768px) 100vw, 768px\" \/><\/figure><\/div>\n","protected":false},"excerpt":{"rendered":"<p>&#8220;Algoritmosfera &#8211; A cogni\u00e7\u00e3o humana e a intelig\u00eancia artificial&#8221;, de Camila De Paoli Leporace, foi lan\u00e7ado em maio de 2024 pela editora PUC-Rio e pela editora Hucitec. Este \u00e9 o <a class=\"more-link\" href=\"https:\/\/camilaleporace.com.br\/index.php\/algoritmosfera-2\/\">Read More &#8230;<\/a><\/p>\n","protected":false},"author":1,"featured_media":0,"parent":0,"menu_order":0,"comment_status":"closed","ping_status":"closed","template":"","meta":{"footnotes":""},"class_list":["post-2915","page","type-page","status-publish","hentry"],"_links":{"self":[{"href":"https:\/\/camilaleporace.com.br\/index.php\/wp-json\/wp\/v2\/pages\/2915"}],"collection":[{"href":"https:\/\/camilaleporace.com.br\/index.php\/wp-json\/wp\/v2\/pages"}],"about":[{"href":"https:\/\/camilaleporace.com.br\/index.php\/wp-json\/wp\/v2\/types\/page"}],"author":[{"embeddable":true,"href":"https:\/\/camilaleporace.com.br\/index.php\/wp-json\/wp\/v2\/users\/1"}],"replies":[{"embeddable":true,"href":"https:\/\/camilaleporace.com.br\/index.php\/wp-json\/wp\/v2\/comments?post=2915"}],"version-history":[{"count":14,"href":"https:\/\/camilaleporace.com.br\/index.php\/wp-json\/wp\/v2\/pages\/2915\/revisions"}],"predecessor-version":[{"id":2942,"href":"https:\/\/camilaleporace.com.br\/index.php\/wp-json\/wp\/v2\/pages\/2915\/revisions\/2942"}],"wp:attachment":[{"href":"https:\/\/camilaleporace.com.br\/index.php\/wp-json\/wp\/v2\/media?parent=2915"}],"curies":[{"name":"wp","href":"https:\/\/api.w.org\/{rel}","templated":true}]}}