{"id":812,"date":"2018-11-12T16:15:57","date_gmt":"2018-11-12T19:15:57","guid":{"rendered":"http:\/\/www.camilaleporace.com.br\/?page_id=812"},"modified":"2023-10-02T19:11:28","modified_gmt":"2023-10-02T19:11:28","slug":"research","status":"publish","type":"page","link":"https:\/\/camilaleporace.com.br\/index.php\/research\/","title":{"rendered":"Minha trajet\u00f3ria na pesquisa"},"content":{"rendered":"<p>Iniciando no mestrado, mas seguindo principalmente depois, no doutorado, fiz uma investiga\u00e7\u00e3o interdisciplinar que passa pela ci\u00eancia cognitiva, filosofia, educa\u00e7\u00e3o, psicologia,&nbsp; biologia e neuroci\u00eancia. Durante esse tempo, pesquisei a mente humana: como raciocinamos, como percebemos as coisas do mundo, como agimos; e estabeleci paralelos entre o funcionamento humano e o funcionamento de sistemas de intelig\u00eancia artificial. Algumas das apresenta\u00e7\u00f5es que fiz est\u00e3o dispon\u00edveis <a href=\"https:\/\/camilaleporace.com.br\/index.php\/palestras-e-apresentacoes\/\" target=\"_blank\" rel=\"noreferrer noopener\" aria-label=\"aqui neste link. (opens in a new tab)\">aqui neste link.<\/a><\/p>\n<p>O meu doutorado foi pela PUC-Rio, Brasil, e pela Universidade de Coimbra, Portugal, em regime de cotutela. Colaborei com o grupo <a href=\"https:\/\/gepfe.wordpress.com\/\" rel=\"home\">Grupo de Estudos e Pesquisa em Filosofia e Educa\u00e7\u00e3o (GEPFE)<\/a> entre 2017 e 2022 e com o eMinds Lab, da Universidade de Coimbra, entre 2017 e 2021.<\/p>\n<p>Em 2023, passei a colaborar com o <a href=\"https:\/\/dpu.au.dk\/en\/research\/research-units\/embodied-education-embed\" target=\"_blank\" rel=\"noreferrer noopener\" aria-label=\"EMBED, da Universidade de Aarhus, na Dinamarca (opens in a new tab)\">EMBED Group, da Universidade de Aarhus, na Dinamarca<\/a>, e com o <a href=\"https:\/\/inovamedialab.fcsh.unl.pt\/about-us\/\" target=\"_blank\" rel=\"noreferrer noopener\" aria-label=\"iNova Media Lab, da Universidade Nova de Lisboa (opens in a new tab)\">iNova Media Lab, da Universidade Nova de Lisboa<\/a>, em Portugal.<\/p>\n<p><a href=\"https:\/\/camilaleporace.com.br\/index.php\/as-novas-abordagens-de-pesquisa-sobre-a-cognicao-humana\/\" target=\"_blank\" rel=\"noopener noreferrer\"><strong>Conhe\u00e7a as novas abordagens \u00e0 cogni\u00e7\u00e3o que v\u00eam embasando minha pesquisa<\/strong><\/a><\/p>\n<div class=\"FFpbKc\"><\/div>\n<div class=\"FFpbKc\">\n<div class=\"ZTPlmc\">\n<div class=\"dePhmb\">\n<div class=\"eyKpYb\" data-language=\"en\" data-original-language=\"pt\" data-result-index=\"0\"><\/div>\n<\/div>\n<\/div>\n<\/div>\n<h2 id=\"c112\" class=\"oBOnKe\"><\/h2>\n<div class=\"dePhmb\">\n<div class=\"eyKpYb\" data-language=\"en\" data-original-language=\"pt\" data-result-index=\"0\">\n<div class=\"J0lOec\"><\/div>\n<\/div>\n<\/div>\n","protected":false},"excerpt":{"rendered":"<p>Iniciando no mestrado, mas seguindo principalmente depois, no doutorado, fiz uma investiga\u00e7\u00e3o interdisciplinar que passa pela ci\u00eancia cognitiva, filosofia, educa\u00e7\u00e3o, psicologia,&nbsp; biologia e neuroci\u00eancia. Durante esse tempo, pesquisei a mente <a class=\"more-link\" href=\"https:\/\/camilaleporace.com.br\/index.php\/research\/\">Read More &#8230;<\/a><\/p>\n","protected":false},"author":1,"featured_media":2505,"parent":0,"menu_order":0,"comment_status":"closed","ping_status":"closed","template":"","meta":{"footnotes":""},"class_list":["post-812","page","type-page","status-publish","has-post-thumbnail","hentry"],"_links":{"self":[{"href":"https:\/\/camilaleporace.com.br\/index.php\/wp-json\/wp\/v2\/pages\/812"}],"collection":[{"href":"https:\/\/camilaleporace.com.br\/index.php\/wp-json\/wp\/v2\/pages"}],"about":[{"href":"https:\/\/camilaleporace.com.br\/index.php\/wp-json\/wp\/v2\/types\/page"}],"author":[{"embeddable":true,"href":"https:\/\/camilaleporace.com.br\/index.php\/wp-json\/wp\/v2\/users\/1"}],"replies":[{"embeddable":true,"href":"https:\/\/camilaleporace.com.br\/index.php\/wp-json\/wp\/v2\/comments?post=812"}],"version-history":[{"count":20,"href":"https:\/\/camilaleporace.com.br\/index.php\/wp-json\/wp\/v2\/pages\/812\/revisions"}],"predecessor-version":[{"id":2737,"href":"https:\/\/camilaleporace.com.br\/index.php\/wp-json\/wp\/v2\/pages\/812\/revisions\/2737"}],"wp:featuredmedia":[{"embeddable":true,"href":"https:\/\/camilaleporace.com.br\/index.php\/wp-json\/wp\/v2\/media\/2505"}],"wp:attachment":[{"href":"https:\/\/camilaleporace.com.br\/index.php\/wp-json\/wp\/v2\/media?parent=812"}],"curies":[{"name":"wp","href":"https:\/\/api.w.org\/{rel}","templated":true}]}}